on factor of s and 11?
11
Let f be (-24)/(-20)*5 - 0. What is the highest common divisor of f and 15?
3
Let n be 12*(-1 + -18 + 3). Let q be (3/2)/(9/n). Let p = q - -53. What is the highest common factor of p and 14?
7
Let j(k) = -40*k**3 - 4*k**2 + k + 6. Let n be j(-2). Calculate the highest common divisor of 28 and n.
28
Let u = -24 - -39. What is the highest common factor of 165 and u?
15
Suppose 24 = 4*p - 4*l, -2*p + 7*p - 4*l - 31 = 0. What is the greatest common factor of p and 1?
1
Let a = 43 + -26. What is the highest common divisor of a and 34?
17
Let h be (0 - -3)*40/6. Suppose x - 5*x + h = 0. Suppose -x*c - 2*v + 54 = -20, v = -3. What is the greatest common factor of 2 and c?
2
Let h be 5*((-6)/(-3) - 3). Let k = h + 11. Let c(i) = 41*i**2 - 2*i - 1. Let s be c(-1). Calculate the greatest common factor of s and k.
6
Let q be 6/(-4) - (-326)/4. Suppose -m + 5*m - 94 = 5*t, -2*t - 48 = -2*m. Suppose 6 = i - m. What is the highest common divisor of i and q?
16
Let w = 23 + 103. Suppose -5*d = -45 - 25. Calculate the greatest common factor of w and d.
14
Let y = 4 + 32. Calculate the highest common divisor of 24 and y.
12
Let b(k) = -k**2 + 15*k + 8. Let t be b(15). Calculate the highest common factor of t and 12.
4
Let k = -2 + 4. Suppose q = 1 + k. Suppose -q*p + 200 - 32 = 0. What is the greatest common divisor of 7 and p?
7
Let q be -1*(0 - -11)*-3. What is the greatest common divisor of q and 11?
11
Suppose 0 = -b + 2, -4*a + 0*a - 4*b = -104. What is the highest common factor of a and 40?
8
Let l = -8 - -14. Suppose 2*z = -0*z + l. Suppose -57 - 78 = -5*n. Calculate the highest common divisor of z and n.
3
Let h = 54 + -36. What is the greatest common factor of 2 and h?
2
Let j be (-3 + -2 - -2) + 30. Suppose -109 = -5*p + 26. What is the highest common divisor of p and j?
27
Let d = 1 - -8. Calculate the greatest common factor of 1 and d.
1
Let a(f) = f**3 + 6*f**2 - 5*f - 6. Let v be a(-6). Let g be 108*3/v*6. Calculate the highest common divisor of 9 and g.
9
Suppose n - 16 = -2*y, -n + 24 = y + 2*y. Suppose -4*i = -123 - 37. What is the highest common factor of i and y?
8
Suppose 4*z - 112 = -c - 2*c, -2*z = -c + 44. Calculate the highest common divisor of c and 16.
8
Let p be 2*(-3)/((-18)/33). What is the highest common factor of 99 and p?
11
Let z be (-8)/20 + (-624)/(-10). Suppose -6 = -3*s - 0*s, -5*s = 4*o - z. Calculate the greatest common divisor of 91 and o.
13
Suppose 0 = -5*j + 68 + 12. Suppose -22 = v - 86. What is the highest common factor of v and j?
16
Let g be -1 + ((-30)/(-12))/(1/6). What is the highest common factor of 2 and g?
2
Let z(w) = -w**3 - w**2 + 141. Let u be z(0). Let b = u - 81. Let s = 11 - -1. What is the greatest common factor of s and b?
12
Suppose 3*o - 58 = s - 6*s, -s + 8 = -3*o. Let x = -11 + s. Suppose x = -d - d + 8. What is the greatest common divisor of d and 36?
4
Suppose -6*f + 3*f + 9 = 0. What is the greatest common divisor of 3 and f?
3
Let z be 2/(-7) - (-115)/35. Suppose 0 = x - z*o - 12, -2*o + 21 = 5*x - 5. What is the highest common divisor of 6 and x?
6
Let a(v) = 34*v - 5. Let l be a(2). Suppose 18 = 2*r - 0*r. Suppose 5*z - 6*z + r = 0. Calculate the greatest common divisor of z and l.
9
Let v = 59 + -98. Let g = v - -66. Let f = g - 16. Calculate the greatest common factor of 66 and f.
11
Suppose 2*v - 25 = 3. Calculate the highest common divisor of 112 and v.
14
Suppose 2*a + 5*y = y + 10, -y - 11 = -4*a. Let f(o) = o**2 - o. Let v be f(-1). Let c be v/a + 31/3. What is the greatest common factor of c and 55?
11
Suppose 2*j - 50 = -5*a + 10, -j - 5*a = -40. Suppose 5*h = 42 - 2. What is the greatest common divisor of j and h?
4
Let k be -1*(1 + 1/(-1)). Let p be 80/(-12)*36/(-10). Suppose k = s - 3*s + p. What is the highest common divisor of s and 96?
12
Let h be 1 - (58/(-6))/(1/3). Calculate the highest common divisor of 3 and h.
3
Let c be 10/(2 - 0) - (-5 - -8). What is the highest common divisor of 8 and c?
2
Let f(i) = 4*i + 4. Let k be f(7). Let y = -15 + 31. What is the greatest common divisor of y and k?
16
Let m = 156 - 86. What is the highest common divisor of 28 and m?
14
Let w = 292 + -142. Calculate the highest common factor of w and 25.
25
Let p be 1*28*(4 - 3). Let y be 3/(-4) + 1253/p. What is the highest common factor of y and 11?
11
Let i be 3/1 + -1 - -1. Let c be (18/(-8))/(i/(-16)). Suppose 0 = -8*u + 18*u - 1320. Calculate the greatest common factor of u and c.
12
Let u = 33 - 20. Calculate the highest common factor of 117 and u.
13
Let l = 50 - 26. Calculate the highest common factor of 18 and l.
6
Let s = -6 - -16. Suppose -6*q = -s*q + 276. What is the highest common factor of q and 23?
23
Let k(t) = 4*t - 8. Suppose -2*c = 2*o - 6, 0 = 2*c - 6*c + o + 37. Let b be k(c). What is the highest common factor of b and 12?
12
Suppose -76*p + 500 = -71*p. Calculate the highest common factor of 40 and p.
20
Suppose -2*f - 2*l - 5 + 61 = 0, -4*l - 167 = -5*f. What is the highest common divisor of 248 and f?
31
Let v(r) = 4*r + 3. Let s be v(4). Calculate the greatest common divisor of s and 171.
19
Let h be 2*5/(-10)*1 - -2. Calculate the greatest common factor of 16 and h.
1
Let j be 3/(-4) + (-11)/(-4). Suppose -p = -j*i + 100, 38 = 4*i + 2*p - 170. Suppose 3*u = 114 + i. What is the greatest common divisor of u and 5?
5
Let n = -66 + 122. Calculate the greatest common factor of 16 and n.
8
Suppose 6*g = 2*g + 60. Let y = 27 - 45. Let o = 23 + y. What is the highest common factor of o and g?
5
Suppose -r = 19 - 160. Calculate the highest common divisor of 94 and r.
47
Let h be ((-98)/(-6))/((-2)/(-6)). Let y = h - 28. What is the highest common factor of 3 and y?
3
Suppose 0 = 2*c - 0*c - 2*u - 18, 0 = c + 4*u + 16. Calculate the greatest common factor of c and 4.
4
Let k be (-25)/(-2) - (-4)/(-8). Let z = k - 5. Calculate the highest common divisor of z and 7.
7
Let b(v) = 53*v**2 - 2*v + 1. Let x be b(1). Calculate the highest common divisor of x and 130.
26
Let u(o) = 4*o**2 - 2*o - 2. Let w be u(-2). What is the greatest common divisor of w and 126?
18
Let g = -36 - -49. What is the greatest common divisor of g and 13?
13
Let o = 21 + -14. Suppose 0 = -5*k + 15, 3*f + 171 = o*f + k. Let i = -7 - -13. Calculate the highest common divisor of i and f.
6
Let m(c) = -c + 1. Let b be m(-4). Suppose b*x = 0, -32 + 197 = 3*d + 4*x. Suppose -5*l + d = -0. What is the greatest common factor of l and 88?
11
Suppose 0 = 12*l - 10*l - 36. What is the greatest common divisor of 63 and l?
9
Let v = -101 + 173. Let f be 69/4 - 10/40. Let g = f - 9. What is the greatest common factor of g and v?
8
Let z(q) = q**2 + 7*q + 12. Let j be z(-6). Suppose -16*t + 13*t + j = 0. What is the highest common divisor of t and 5?
1
Let l(a) = 24*a + 6. Let n be l(5). Let r be 4/24*-2*-9. Suppose r*z = z + 36. What is the highest common divisor of z and n?
18
Let p be 46/14 + 2/(-7). Let z = p + 0. Suppose 6 = -0*b + z*b. What is the highest common factor of 22 and b?
2
Suppose 0 = -5*p - 10, -4*v + p - 4*p = -6. Let m be 21/(v*(-2)/(-44)). Calculate the highest common factor of m and 14.
14
Let y be 44/((-4)/(-4)) + -2. Suppose -2*z + 11 = -1. Calculate the highest common factor of y and z.
6
Let u be 100/3 + (-2)/6. Suppose -2*v + o = 3*o, 0 = 4*o + 16. Suppose 4*z + 24 = 4*i, -v*i + 3*z = -23 + 2. Calculate the highest common factor of u and i.
3
Suppose 5 = 4*g - 3*c - 3, 2*g - 14 = 4*c. Let d be 1 + 1 - (-17 + g). Let o be (d*1)/(14/21). What is the greatest common factor of o and 20?
10
Let x be (0 + 0)*2/(-4). Suppose 3*t = 4*w + 20 + 18, 2*w - 8 = x. Let c be (-32)/6*t/(-4). Calculate the greatest common factor of 8 and c.
8
Let j = 6 + -2. Suppose 0 = -j*t + 15 + 17. Calculate the greatest common factor of t and 20.
4
Suppose -2*f + 5 = -235. Calculate the highest common factor of 24 and f.
24
Let w(s) = 33*s**2 - 1. Let x be w(-2). Let a be (1 - 2 - x)/(-1). Calculate the greatest common divisor of 12 and a.
12
Let b = -55 + 140. Calculate the greatest common divisor of b and 17.
17
Suppose -27 = 4*m - 111. Let s = m - 11. Calculate the highest common factor of s and 25.
5
Suppose -4*r + 20 = 0, -5*r + 54 + 1 = o. Calculate the highest common factor of o and